12983*i + 259611. Give p(20).
-49
Let a(d) = -14*d**2 - 1168*d + 9639. Calculate a(-91).
-7
Let h(f) = f**3 - 114*f**2 - f + 103. Determine h(114).
-11
Let q(g) = -676*g**2 - 5366*g + 330. Give q(-8).
-6
Let q(a) = -12*a**3 - 105*a**2 - 535*a - 3720. Calculate q(-8).
-16
Let u(a) = a**2 + 1718*a + 471673. Determine u(-343).
48
Let s(l) = 40*l - 7077. Give s(178).
43
Let z(p) = p**3 - 30*p**2 + 125*p + 19. Give z(7).
-233
Let t(f) = -270*f - 5464. Calculate t(-20).
-64
Let t(g) = -28*g**2 - 8539*g + 341. What is t(-305)?
36
Let j(k) = 187586*k - 14068967. Calculate j(75).
-17
Let y(m) = -1391*m + 22238. What is y(16)?
-18
Let v(y) = 1842435*y - 16581920. What is v(9)?
-5
Let l(i) = 63*i + 4388. What is l(-47)?
1427
Let u(w) = -15293*w + 917577. Determine u(60).
-3
Let f(z) = -564*z + 6759. Give f(14).
-1137
Let h(m) = -338*m - 41402. Give h(-126).
1186
Let f(d) = 4*d**3 - 57*d**2 - 466*d + 5032. Determine f(-10).
-8
Let m(y) = -y**3 + 185*y**2 - 369*y + 2684. Determine m(183).
2135
Let g(q) = 3278*q**2 - 134414*q + 631. Determine g(41).
-25
Let c(q) = 190*q**2 - 2118*q + 4231. Give c(2).
755
Let x(u) = -227*u - 2137. Give x(-8).
-321
Let g(m) = 281*m - 29963. Give g(101).
-1582
Let p(d) = 144*d**2 + 69*d - 398. What is p(6)?
5200
Let y(w) = -w**2 + 592*w - 71520. Determine y(169).
-33
Let y(u) = 7955*u + 15047. Calculate y(-2).
-863
Let y(j) = j**2 - 933*j + 11952. Calculate y(13).
-8
Let b(c) = 10*c**3 - 36*c**2 - 21*c + 45. Give b(3).
-72
Let l(z) = -13150*z + 262905. Calculate l(20).
-95
Let q(p) = 156023*p + 3588533. Give q(-23).
4
Let k(o) = -2*o**2 + 370*o + 58405. Give k(-102).
-143
Let p(i) = 544*i + 188. What is p(3)?
1820
Let b(c) = 2167*c - 13510. Determine b(6).
-508
Let r(z) = -260079*z - 36411067. What is r(-140)?
-7
Let v(a) = 3803*a - 30358. Give v(8).
66
Let a(p) = 2*p**3 + 149*p**2 + 211*p + 10149. Calculate a(-74).
11
Let q(h) = 2*h**3 + 30*h**2 - 59*h - 69. Determine q(-17).
-222
Let g(m) = -m**3 + 39*m**2 + 229*m - 346. Determine g(44).
50
Let w(z) = z**3 - 139*z**2 + 1162*z - 313. What is w(130)?
-1353
Let f(d) = -1321901*d - 2643811. Determine f(-2).
-9
Let y(k) = 1595*k**2 - 43061*k - 19. Calculate y(27).
89
Let v(f) = 59*f**2 + 5658*f - 6310. Calculate v(-97).
-5
Let i(p) = -6*p**2 + 88*p + 1654. Calculate i(-11).
-40
Let o(b) = -2*b**3 + 244*b**2 - 3732*b - 1211. Calculate o(104).
37
Let q(x) = -x**3 + 135*x**2 + 4361*x - 116. What is q(-27)?
235
Let r(s) = 7*s**2 + 117*s - 19. Determine r(-18).
143
Let o(f) = -13743*f - 274899. Determine o(-20).
-39
Let t(x) = 514*x + 49344. Calculate t(-87).
4626
Let w(b) = -b**3 - 498*b**2 + 15284*b + 524. Give w(-527).
-3
Let l(u) = 1765*u - 38870. Calculate l(22).
-40
Let z(a) = -6190*a + 229017. Calculate z(37).
-13
Let a(h) = 8481*h + 382031. What is a(-45)?
386
Let f(t) = 630*t**2 + 1889*t + 1249. Give f(-1).
-10
Let k(y) = -7660*y - 23375. What is k(-3)?
-395
Let n(d) = 30*d**2 + 2708*d - 26785. Determine n(9).
17
Let o(s) = -5*s**3 - 150*s**2 - 712*s + 144. Give o(-24).
-48
Let d(l) = -122*l**2 - 1780*l + 22055. Calculate d(8).
7
Let f(j) = 382*j - 7463. Calculate f(21).
559
Let m(a) = 259*a**3 - 14*a**2 - 455*a - 442. Calculate m(-1).
-260
Let o(p) = p**2 - 13303*p + 794602. Calculate o(60).
22
Let q(j) = 70365*j + 492553. Give q(-7).
-2
Let y(j) = -12*j**2 - 1303*j + 8857. Give y(-115).
2
Let x(u) = -4093*u - 16322. Give x(-4).
50
Let b(i) = -42*i**2 + 688*i + 522. Give b(17).
80
Let c(o) = 1830*o**2 - 155627*o + 6539. Calculate c(85).
-6
Let o(u) = u**2 - 68*u + 806. Give o(44).
-250
Let l(j) = -2*j**3 - 207*j**2 - 11*j - 12080. What is l(-104)?
-120
Let s(p) = -4*p**2 + 680*p - 18098. Determine s(137).
-14
Let a(n) = -7*n**2 + 747*n - 19311. Determine a(55).
599
Let r(v) = 1575*v - 5447. Give r(3).
-722
Let n(c) = -c**3 + 24*c**2 - 258*c + 6604. Calculate n(25).
-471
Let d(q) = -q**2 - 3627*q - 171745. What is d(-48)?
47
Let d(p) = 55*p**2 + 6270*p - 128. What is d(-114)?
-128
Let h(x) = 3678*x - 2144277. Determine h(583).
-3
Let m(b) = -289*b**2 - 28322*b - 3. What is m(-98)?
-3
Let w(x) = x**3 + 371*x**2 - 18258*x + 835. Give w(-415).
5
Let o(x) = -42*x**2 - 32*x + 10. Give o(1).
-64
Let g(o) = 41063*o - 328686. What is g(8)?
-182
Let u(h) = -2*h**3 + 109*h**2 - 543*h - 215. What is u(6)?
19
Let y(c) = c**3 - 121*c**2 - 255*c + 980. Give y(123).
-127
Let u(y) = -24*y**2 - 4554*y - 27426. Calculate u(-6).
-966
Let h(p) = -p**3 - 21*p**2 + 19*p - 108. Determine h(-22).
-42
Let z(f) = f**2 + 1923*f - 23225. Determine z(12).
-5
Let r(l) = 3489*l - 21298. What is r(6)?
-364
Let h(v) = 13*v**2 + 14*v + 96. Give h(7).
831
Let k(u) = u**2 - 124*u + 1887. Calculate k(18).
-21
Let q(d) = d**3 - 18*d**2 + 55*d - 1. Determine q(14).
-15
Let m(l) = 14*l**3 + 9*l**2 - 1575*l - 1571. Determine m(-1).
-1
Let u(h) = 2*h**3 + 50*h**2 - 403*h - 18. Determine u(7).
297
Let t(i) = -i**3 + 260*i**2 - 254*i - 1719. Give t(259).
-424
Let q(f) = 3226*f + 129042. Give q(-40).
2
Let a(k) = 13*k**3 + 298*k**2 + 48*k + 1632. Calculate a(-23).
-1
Let b(o) = -14*o**2 - 609*o + 960. What is b(-45)?
15
Let g(l) = -l**3 + 27*l**2 - 31*l + 22. Give g(26).
-108
Let n(v) = v**2 + 222*v + 11089. Calculate n(-146).
-7
Let s(t) = -183*t - 75957. Give s(-415).
-12
Let q(b) = 3*b**2 + 63*b - 16. Give q(-19).
-130
Let f(j) = -525*j - 30170. Determine f(-57).
-245
Let o(p) = -36*p**2 - 7*p + 54. Calculate o(3).
-291
Let c(f) = -124531*f + 15068261. Determine c(121).
10
Let l(v) = -1209*v - 16019. Calculate l(-13).
-302
Let f(y) = y**3 + y**2 - 3*y - 230. Calculate f(0).
-230
Let p(k) = 5*k**3 - 57*k**2 + 28*k + 421. Calculate p(10).
1
Let s(o) = -9*o**3 + 352*o**2 - 299*o + 10190. Determine s(39).
50
Let i(c) = -c**3 + 66*c**2 - 402*c - 265. What is i(59)?
384
Let x(k) = -k**2 - 188*k + 3292. Determine x(17).
-193
Let x(p) = p**3 + 9*p**2 + 17*p + 354. Calculate x(-11).
-75
Let s(i) = -i**3 - 373*i**2 - 4990*i + 616. What is s(-14)?
112
Let m(q) = -20*q**2 + 103*q + 777. Calculate m(-6).
-561
Let x(v) = -9*v**3 + 124*v**2 + 127*v - 1367. Determine x(14).
19
Let m(n) = 1434*n + 178201. Determine m(-124).
385
Let x(d) = -35*d**3 + 221*d**2 - 4*d - 5. Calculate x(5).
1125
Let h(a) = a**3 - 141*a**2 - 3111*a - 1350. Give h(-19).
-1
Let y(a) = a**2 - 344*a + 9713. What is y(31)?
10
Let r(p) = -2*p**3 + 26*p**2 - 118*p - 206. What is r(9)?
-620
Let j(i) = 17*i**2 + 19*i + 117. Calculate j(-6).
615
Let g(z) = z**3 + 40*z**2 + 3537*z + 152073. Calculate g(-42).
-9
Let g(c) = 6538*c**2 - 58848*c + 21. Determine g(9).
-33
Let j(s) = -64*s - 10432. Give j(-162).
-64
Let z(m) = -9*m**2 + 1606*m + 625. What is z(179)?
-270
Let b(z) = z**3 + 101*z**2 - 1965*z - 190019. Calculate b(-102).
7
Let d(o) = 5875517*o + 23502063. What is d(-4)?
-5
Let z(l) = 3417*l - 7265. Give z(2).
-431
Let v(l) = -2*l**2 - 86147*l - 258426. Give v(-3).
-3
Let b(z) = -z**3 + 13*z**2 + 1908*z - 39457. Give b(24).
-1
Let a(d) = 1481*d**2 + 10782*d + 2916. Determine a(-7).
11
Let t(c) = 1192*c + 72736. Determine t(-61).
24
Let g(z) = z**3 + 325*z**2 + 2018*z + 609. Give g(-6).
-15
Let f(t) = -t**3 + 9*t**2 - 11254*t + 67409. Calculate f(6).
-7
Let h(n) = -4*n**3 - 95*n**2 + 123*n - 195. What is h(-25)?
-145
Let a(u) = -1844*u - 59106. Calculate a(-32).
-98
Let q(v) = -6411*v**2 - 96174*v - 100. What is q(-15)?
35
Let l(h) = h**2 - 8559*h - 85690. What is l(-10)?
0
Let c(p) = -749*p + 4533. Calculate c(6).
39
Let o(j) = -j**3 - 14*j**2 + 477*j - 59. Give o(16).
-107
Let p(u) = -11129*u + 945959. Calculate p(85).
-6
Let m(b) = -774*b - 48004. Give m(-62).
-16
Let h(a) = -a**3 + 131*a**2 - 620*a - 209. Determine h(126).
1051
Let u(i) = 12476*i + 48859. Give u(-4).
-1045
Let o(w) = -w**3 + 19*w**2 + 168*w - 114. Determine o(-7).
-16
Let f(o) = o**3 + 23*o**2 + 5120*o + 129242. What is f(-25)?
-8
Let m(y) = y**2 + 31*y - 8880. Determine m(-111).
0
Let h(x) = x**3 + 13*x**2 - 409*x - 3366. Determine h(-8).
226
Let g(f) = -3*f**2 + 11*f + 140. Calculate g(-6).
-34
Let q(y) = -29*y**2 - 1556*y - 95. Determine q(-53).
912
Let g(w) = -14498*w + 159392. Give g(11).
-86
Let r(q) = 16*q**2 + 204*q - 1368. Give r(5).
52
Let f(z) = z**2 + 1264*z - 34850. Calculate f(27).
7
Let h(g) = 2*g**2 + 20676*g + 103371. Calculate h(-5).
41
Let q(h) = h**3 + 10*h**2 - 17*h